1 is divided by 9293?
124
What is the remainder when 1474868 is divided by 18669?
17
What is the remainder when 20568 is divided by 3194?
1404
What is the remainder when 52002 is divided by 720?
162
What is the remainder when 654886 is divided by 775?
11
Calculate the remainder when 18156317 is divided by 580.
577
What is the remainder when 782532 is divided by 5928?
36
Calculate the remainder when 64125807 is divided by 63.
60
What is the remainder when 2030738 is divided by 2409?
2360
Calculate the remainder when 5588043 is divided by 308.
307
What is the remainder when 1255970 is divided by 73?
5
Calculate the remainder when 2022646 is divided by 1622.
12
What is the remainder when 85918192 is divided by 10?
2
What is the remainder when 98693660 is divided by 16448940?
20
What is the remainder when 7902 is divided by 945?
342
What is the remainder when 12478 is divided by 4066?
280
What is the remainder when 478779 is divided by 830?
699
Calculate the remainder when 7384730 is divided by 21.
17
Calculate the remainder when 11826420 is divided by 504.
60
Calculate the remainder when 4249607 is divided by 354121.
155
What is the remainder when 614542655 is divided by 2496?
2495
Calculate the remainder when 5971223 is divided by 104755.
188
Calculate the remainder when 60746 is divided by 8659.
133
Calculate the remainder when 109596 is divided by 9054.
948
What is the remainder when 116847 is divided by 402?
267
Calculate the remainder when 1535862 is divided by 164.
2
Calculate the remainder when 2436602 is divided by 609139.
46
What is the remainder when 4223230 is divided by 178?
2
Calculate the remainder when 86644 is divided by 9623.
37
Calculate the remainder when 55064 is divided by 2862.
686
Calculate the remainder when 59302 is divided by 11860.
2
What is the remainder when 539199 is divided by 77020?
59
What is the remainder when 488719 is divided by 128?
15
Calculate the remainder when 82671 is divided by 3752.
127
What is the remainder when 810052 is divided by 73638?
34
What is the remainder when 406383 is divided by 27063?
438
What is the remainder when 5715508 is divided by 25?
8
Calculate the remainder when 75944 is divided by 10574.
1926
Calculate the remainder when 950322 is divided by 46.
8
What is the remainder when 209827798 is divided by 2275?
2273
Calculate the remainder when 2365149148 is divided by 450.
448
Calculate the remainder when 2089780 is divided by 44.
0
Calculate the remainder when 4829264 is divided by 177.
173
Calculate the remainder when 16538733 is divided by 1837634.
27
What is the remainder when 1061636 is divided by 212323?
21
What is the remainder when 371471 is divided by 185279?
913
What is the remainder when 547498 is divided by 98?
70
Calculate the remainder when 213629 is divided by 3501.
68
Calculate the remainder when 12452429 is divided by 517.
484
What is the remainder when 343239 is divided by 467?
461
Calculate the remainder when 1567820 is divided by 110.
100
Calculate the remainder when 534285 is divided by 930.
465
Calculate the remainder when 1001885 is divided by 65.
40
Calculate the remainder when 277584 is divided by 2630.
1434
Calculate the remainder when 424840 is divided by 212234.
372
Calculate the remainder when 4670 is divided by 1675.
1320
Calculate the remainder when 779207 is divided by 41010.
17
Calculate the remainder when 134680 is divided by 7453.
526
Calculate the remainder when 6583025 is divided by 1954.
1953
Calculate the remainder when 7980485 is divided by 642.
425
Calculate the remainder when 17345 is divided by 3526.
3241
What is the remainder when 54532 is divided by 26980?
572
What is the remainder when 1362661 is divided by 3111?
43
What is the remainder when 2973132 is divided by 7?
1
What is the remainder when 1543979 is divided by 113?
60
What is the remainder when 50346 is divided by 2409?
2166
Calculate the remainder when 150906 is divided by 761.
228
Calculate the remainder when 1444051 is divided by 879.
733
Calculate the remainder when 115306 is divided by 5780.
5486
What is the remainder when 154999353 is divided by 362?
3
What is the remainder when 40181004 is divided by 355584?
12
Calculate the remainder when 18540823 is divided by 1393.
1386
Calculate the remainder when 163405 is divided by 32664.
85
Calculate the remainder when 55066 is divided by 27012.
1042
Calculate the remainder when 13488576 is divided by 747.
744
Calculate the remainder when 10048867 is divided by 19.
14
Calculate the remainder when 49249447 is divided by 40.
7
Calculate the remainder when 513980195 is divided by 1621.
1620
What is the remainder when 1173215 is divided by 3736?
111
Calculate the remainder when 106325571 is divided by 7594683.
9
Calculate the remainder when 149662 is divided by 5753.
84
Calculate the remainder when 13214546 is divided by 2642909.
1
Calculate the remainder when 84584 is divided by 28026.
506
Calculate the remainder when 1506912 is divided by 2039.
91
Calculate the remainder when 7222259 is divided by 406.
331
What is the remainder when 10693837 is divided by 129?
124
What is the remainder when 7094804 is divided by 10?
4
What is the remainder when 112611 is divided by 3859?
700
Calculate the remainder when 25924487 is divided by 365.
362
What is the remainder when 105739 is divided by 15103?
18
Calculate the remainder when 25409 is divided by 25323.
86
What is the remainder when 4515642 is divided by 1505076?
414
What is the remainder when 1392020 is divided by 57981?
476
What is the remainder when 36502786 is divided by 412?
410
What is the remainder when 929647 is divided by 714?
19
Calculate the remainder when 2649366 is divided by 29.
13
Calculate the remainder when 139802 is divided by 3325.
152
Calculate the remainder when 13258250 is divided by 4.
2
Calculate the remainder when 208598 is divided by 104296.
6
What is the remainder when 248756 is divided by 123493?
1770
What is the remainder when 4546 is divided by 1714?
1118
What is the remainder when 77781502 is divided by 29?
22
Calculate the remainder when 199414 is divided by 26.
20
What is the remainder when 25008108 is divided by 185?
178
What is the remainder when 1661316 is divided by 434?
398
Calculate the remainder when 388882 is divided by 43153.
505
Calculate the remainder when 384239041 is divided by 82.
79
Calculate the remainder when 151971 is divided by 1552.
1427
What is the remainder when 6184969 is divided by 106637?
23
Calculate the remainder when 2554 is divided by 1673.
881
What is the remainder when 732052 is divided by 1091?
1082
What is the remainder when 30679077 is divided by 652746?
15
Calculate the remainder when 22199730 is divided by 22199712.
18
What is the remainder when 15441673 is divided by 55?
38
What is the remainder when 888013 is divided by 32889?
10
What is the remainder when 214726 is divided by 157?
107
Calculate the remainder when 211465 is divided by 75.
40
Calculate the remainder when 119308 is divided by 177.
10
Calculate the remainder when 1395981 is divided by 210.
111
What is the remainder when 8609919 is divided by 87?
51
Calculate the remainder when 1263213 is divided by 75.
63
What is the remainder when 14928 is divided by 7336?
256
Calculate the remainder when 137463 is divided by 1906.
231
What is the remainder when 2482396 is divided by 928?
924
What is the remainder when 3616512 is divided by 135?
132
What is the remainder when 1996546 is divided by 11030?
116
Calculate the remainder when 53035213 is divided by 2190.
2173
What is the remainder when 8108582 is divided by 2702832?
86
What is the remainder when 449756 is divided by 656?
396
What is the remainder when 8848517 is divided by 4424249?
19
What is the remainder when 243352 is divided by 80971?
439
Calculate the remainder when 89761 is divided by 376.
273
What is the remainder when 392997 is divided by 78589?
52
What is the remainder when 1460014 is divided by 729965?
84
Calculate the remainder when 42162448 is divided by 1725.
1723
What is the remainder when 7001931 is divided by 2?
1
What is the remainder when 10524 is divided by 667?
519
Calculate the remainder when 785300 is divided by 39178.
1740
What is the remainder when 146016 is divided by 35755?
2996
Calculat